q?
15
Suppose -54 = -0*l - 2*l. Let i(d) = 13*d**2 - 4*d + 3. Let x be i(3). What is the greatest common factor of x and l?
27
Let a = 6 + 7. What is the highest common factor of 13 and a?
13
Let o be ((-3)/(-6))/((-6)/(-84)). Let n(m) = -6*m + 5. Let g be n(-5). What is the greatest common factor of o and g?
7
Suppose j + 2*j = -3*z - 9, 5*j = z + 21. Let l be 276/15 - z/10. Calculate the greatest common divisor of l and 38.
19
Suppose 3*q - 4*q + 240 = 0. Let m(k) = -k**3 + 5*k**2 + 2*k. Let f be m(4). Calculate the highest common divisor of f and q.
24
Let a(j) = 2*j**2 + 5*j - 3. Let k be a(3). Suppose 4*f = 2*f + k. Let p = 19 + 11. What is the greatest common divisor of f and p?
15
Let g(c) = -c**3 - 9 + 9*c**2 + 0*c**3 + 1 + 1 + 3*c. Let f be g(8). What is the highest common factor of 54 and f?
27
Let f(r) be the second derivative of r**5/20 + 3*r**4/2 - 23*r**3/6 - 2*r**2 - 8*r. Let o be f(-19). What is the greatest common divisor of 24 and o?
24
Let l = -14 - -7. Let u be 111/21 - (-2)/l. Suppose 9*s - u*j - 105 = 4*s, 0 = s + 3*j - 33. Calculate the highest common divisor of 12 and s.
12
Let t(o) = -o. Suppose -2*s = s. Let l be t(s). Suppose -3*i + 2*i + 32 = l. Calculate the highest common divisor of i and 4.
4
Let i be (-7 - -4) + 71 + -3. Calculate the highest common factor of i and 26.
13
Let q be -2*(-1)/6*3. Let s(p) = 95*p**3 + 2*p**2 - 2*p + 1. Let u be s(q). What is the highest common divisor of u and 24?
24
Let i be (-1*(1 + 10))/(-1). Let v = 110 - i. Calculate the highest common factor of v and 11.
11
Let w(u) = -u**2 - 16*u - 8. Let a be w(-6). Suppose b = 5*b - a. What is the greatest common divisor of 13 and b?
13
Suppose 5 - 7 = -n. Let j be (n/(-4))/((-1)/8). Suppose j*v - 9 = v. Calculate the highest common factor of v and 2.
1
Suppose -5*c + 32 = -243. Suppose l - 7 = -u, -4*u = -7*u - 2*l + 25. What is the highest common divisor of u and c?
11
Suppose 5*c - 25 = 0, 8*i - 25 = 3*i + c. Let h be i*-4*4/(-3). Calculate the greatest common factor of 48 and h.
16
Let k(b) = -b**2 + 15*b - 18. Let d be k(13). Calculate the highest common divisor of 32 and d.
8
Let b(v) = -2*v - 11. Let g be b(-8). Suppose g*x = 2*x + 21. What is the highest common factor of 7 and x?
7
Let o be (0 - -1)/((-6)/12)*-30. Calculate the highest common factor of 4 and o.
4
Let q be (-6)/((-144)/68 + 2). Let c be 731/q - (-2)/(-6). What is the greatest common divisor of 42 and c?
14
Let n be -6 - -1*4/2. Let x be (-2)/4*n + 3. Suppose z = b - 0*z - 10, 4*z - x = -5*b. What is the greatest common factor of b and 55?
5
Let i = 7 - 4. Suppose h = 4*b + i, -2*h = -b + 2*h + 3. Let n(z) = -z. Let p be n(b). Calculate the greatest common factor of 7 and p.
1
Suppose 3*h + 171 = -39. Let x = -111 - h. Let p = 36 - x. Calculate the highest common divisor of 7 and p.
7
Let m be 4 - 4 - (-4 - 3). Let v be 40/(-10)*m/(-2). Calculate the highest common factor of v and 21.
7
Let p(i) = i**2 - 12*i + 13. Let g be p(15). Calculate the greatest common divisor of g and 29.
29
Let a(d) = -57*d + 4. Let h(n) = 38*n - 3. Let k(o) = 5*a(o) + 7*h(o). Let x be k(-1). Calculate the highest common divisor of x and 2.
2
Let n be (39/(-12))/(5/(-20)). Suppose 5*r = -3 - 12. Let w be (r/2)/((-1)/78). What is the highest common factor of n and w?
13
Let g(x) = x**2 + 6*x + 4. Let k be g(-8). What is the highest common divisor of k and 60?
20
Let h = -102 - -108. Calculate the highest common factor of 8 and h.
2
Let i(c) = -c**3 - 9*c**2 + c + 12. Let u be i(-9). Suppose 2*d - 20 = -2*d. Let r be u + -3 + (d - 0). Calculate the highest common divisor of 55 and r.
5
Suppose -b - 5*k = 13 - 105, 3*k + 60 = b. What is the highest common divisor of b and 108?
36
Suppose 75 = 3*h + 2*j, -2*h - 69 = -4*h + 5*j. What is the highest common factor of 18 and h?
9
Let v = -10 + 15. Suppose -20*d = 110 - 1010. What is the highest common divisor of d and v?
5
Suppose -11*b = -64 - 46. Suppose 78 = 3*u - 3*v, 2*u - 5*v = u + 46. Suppose 2*y = u + 19. What is the highest common factor of b and y?
10
Let w(o) = 7*o + 5. Let g be w(4). What is the highest common divisor of g and 3?
3
Suppose -c = -5*d + 386, c - 262 - 45 = -4*d. Suppose 6 = -2*s + 20. What is the highest common divisor of d and s?
7
Let n be 13/52 - 94/(-8). Calculate the greatest common factor of n and 12.
12
Let q(i) = 4*i + 4. Let m be q(9). What is the greatest common divisor of 10 and m?
10
Let l be (-4)/(-3) + 3/(-9). What is the highest common divisor of 11 and l?
1
Suppose 213 = 4*s - 79. Let j = -48 + s. What is the highest common divisor of j and 10?
5
Suppose 6*q - 23 = 31. Let x = q + 1. What is the highest common factor of 15 and x?
5
Suppose -11*z + 12*z - 78 = 0. What is the highest common divisor of z and 6?
6
Let k be 4/((1 - 0)/1). Suppose 0 = 2*n + 18 - 58. Let m be (-2)/(-4)*n/5. What is the greatest common factor of m and k?
2
Suppose 4*t - t = 15. Suppose 3 + 26 = -2*x - 3*u, -5*x + u - 30 = 0. Let k(s) = s**2 + 5*s - 4. Let i be k(x). What is the highest common factor of t and i?
5
Suppose -14 = -12*u + 106. What is the greatest common factor of 2 and u?
2
Let d(q) = -q - 3. Let r be d(-12). Let h = 12 - r. What is the highest common divisor of h and 6?
3
Let z(v) = -18*v + 1. Let u be z(-3). Let f be -6*(1 + 1*-2). Let x(g) = -g**2 + 8*g - 7. Let w be x(f). What is the greatest common divisor of w and u?
5
Suppose 0 = -2*w - 3*r + 263 + 25, 5*w + 5*r = 720. Calculate the highest common factor of w and 18.
18
Let t(g) = -2*g + 0*g - 2*g - 484 + 3*g + g**2. Let r be t(0). Let b be (-2)/8 + r/(-16). Calculate the greatest common divisor of b and 45.
15
Let w(p) = p**2 - 9*p - 14. Let m be w(12). Suppose 8 - m = -g + 5*x, 0 = -g - 2*x + 7. Calculate the greatest common factor of g and 9.
9
Let m be (1 - -1 - 2) + 4. Let a = m + -2. Suppose -a*k - 4*x + 148 = 2*k, -4*k = -2*x - 142. Calculate the highest common divisor of 4 and k.
4
Suppose -112 = -4*z + 5*c, 0*c - 84 = -3*z + c. Calculate the greatest common factor of z and 7.
7
Suppose 4*k + 170 = 5*k. Calculate the greatest common divisor of k and 20.
10
Let r(k) = 2 + 9*k**2 + 4*k - 6*k + 4*k. Let i be r(-2). Let v be 1/2*i*3. What is the highest common divisor of v and 34?
17
Let s(a) = -a**2 + 6*a - 3. Let c = 1 - -4. Let k be s(c). Suppose 65 = k*x - 19. What is the highest common divisor of x and 28?
14
Let d = -97 + 209. What is the highest common factor of d and 16?
16
Suppose 5*f = -5*j - 2 - 23, 5*f + j = -9. Let c be (-2*(1 + 1))/f. Calculate the highest common factor of c and 44.
4
Suppose 0 = -h + 3. Let m = -50 + 52. What is the highest common factor of m and h?
1
Suppose -7 = -2*f + 1. Suppose -7*h + f*h + 45 = 0. What is the highest common factor of 10 and h?
5
Suppose 0 = -5*k + 2*p + 25, 2*p - 4*p = 4*k - 2. Calculate the highest common divisor of k and 2.
1
Let p(l) = -2*l**2 - 12*l - 12. Let w be p(-7). Let q = -23 - w. Calculate the highest common divisor of q and 27.
3
Suppose -320 = -5*k - f - 41, -283 = -5*k + 3*f. Let j be -1*36/(3 + -1). Let o = -10 - j. What is the highest common divisor of o and k?
8
Suppose -9*m + 7*m = -20. What is the greatest common factor of m and 90?
10
Suppose -2*a + 4*t - 66 = -4*a, -3 = t. Calculate the greatest common factor of 13 and a.
13
Suppose -3*f + 3*q = -42, 0 = -4*f - 2*q + 50 + 6. What is the greatest common factor of f and 112?
14
Suppose 3*k = -3*o + 102, 4*k - 2*o + 3 = 115. Calculate the greatest common factor of 12 and k.
6
Let o = 41 - 20. Calculate the highest common divisor of o and 105.
21
Suppose 0 = 5*l + 20, -2*y + 3*l - 28 = 8*l. Let j = y + 6. Let x(p) = -p**3 - 6*p**2 - p - 5. Let q be x(-6). What is the highest common factor of q and j?
1
Let f be 12/54 - 268/(-9). Let v = 39 - -6. Calculate the greatest common factor of v and f.
15
Suppose -11 = -5*q + 2*m + 7, -20 = 5*m. Suppose -q*b = -b - 3. What is the highest common factor of 15 and b?
3
Suppose -3*p = -2*p + 5*m - 57, 0 = -3*p + 2*m + 103. Suppose p = 5*q - 3. Calculate the greatest common factor of 16 and q.
8
Let m(g) = -g**2 - 9*g - 6. Let i be 13/(-2) - 6/(-12). Let o be m(i). Let y = 7 + -4. Calculate the highest common divisor of o and y.
3
Let d be ((-976)/12)/(2/(-3)). Let p = d - 56. Calculate the high